- p = -3*l, -2*l - 10 = -3*f - 29. What are the prime factors of l?
2, 7
Let t = -20 - -16. List the prime factors of (t + 6)*9/2.
3
Let m(x) = 4*x**3 - 3*x**2 + 6*x + 1. Let c(h) = -8*h**3 + 5*h**2 - 11*h - 2. Let w(j) = 4*c(j) + 7*m(j). What are the prime factors of w(-1)?
2
Let v be (1*-3)/(9/(-30)). Let s = 14 - v. What are the prime factors of s?
2
Let c be 6/9 + 1/3. List the prime factors of c/((-33)/36 - -1).
2, 3
What are the prime factors of ((-7)/2)/(4/(-24))?
3, 7
Let z be 0 + -1 + 1 + 0. Suppose -2 = f + 4*r, 2*r - 4 + z = 0. Let u = f + 15. What are the prime factors of u?
5
Let v(d) = 38*d - 10. List the prime factors of v(3).
2, 13
Let w = 1 + 82. List the prime factors of w.
83
What are the prime factors of 43/4*-2*(10 + -12)?
43
Let d = 4 - 7. Let p(r) = r**3 + 6*r**2 + r - 2. What are the prime factors of p(d)?
2, 11
Let j(v) = 6*v + 26. List the prime factors of j(9).
2, 5
Suppose 4*i = 20, -x + i - 23 = -4*x. List the prime factors of x.
2, 3
Let x be 6 - 1*1/1. Suppose 0*z + z = x. Suppose -k + 12 + 1 = 3*i, z*k - 35 = -5*i. What are the prime factors of k?
2
Let c(q) = -q**3 - 4*q**2 - 5*q - 15. What are the prime factors of c(-6)?
3, 29
Suppose 4*a + 12 = 6*a. Suppose -v = -5 - a. Suppose -4*h + v = -9. What are the prime factors of h?
5
Suppose 2*m = -4*o + 24, 0 = 2*m + 5*o - 22 - 7. Suppose r - 9 = m*w, -w + 21 = -2*w - 5*r. What are the prime factors of 2/w*(0 + -6)?
2
Let o(h) = h**3 + 6*h**2 + h - 2. List the prime factors of o(3).
2, 41
Let t(p) = 15*p. Let z be t(-3). List the prime factors of (z/10)/((-2)/4).
3
Let m = 139 - -3. What are the prime factors of m?
2, 71
Let q = -2 + -24. Let p = q - -43. What are the prime factors of p?
17
Let u be (-2)/(-2 + (-3)/(-2)). Suppose h + 5*q + 27 = -0*h, 0 = u*q + 20. List the prime factors of h/(4 + -3)*-2.
2
Suppose -6*w - 68 = -14. What are the prime factors of 10/(-45) + (-245)/w?
3
Let u(n) = n + 4. Let o be u(-4). Suppose o*y + 3 = y. Suppose q = 3, -i - y*q - 9 = -8*q. List the prime factors of i.
2, 3
List the prime factors of (13 - 70)/((-4)/((-32)/(-3))).
2, 19
Let y(g) be the third derivative of g**4/4 - g**2. Let r = -3 + 4. What are the prime factors of y(r)?
2, 3
Suppose m = 5 - 1. Suppose 0*u = m*u - 160. Suppose 4*i + i = u. List the prime factors of i.
2
List the prime factors of ((-3)/(-9))/(112/36 - 3).
3
Let s(m) = 10*m**3 - m**2. Let d(x) = x**3 + 7*x**2 + 6. Let f be d(-7). Let v = f + -5. List the prime factors of s(v).
3
Let w(z) = z**2 - 7*z - 3. Let f be w(8). Suppose 0 = f*g - g - 32. List the prime factors of g.
2
Let w = 40 + -21. Suppose w = 2*y - 7. List the prime factors of y.
13
Let y(t) = 2*t**2 + 3*t. Let r be y(-4). Suppose r = 2*m - 6. What are the prime factors of m?
13
Suppose -f = 2*z - 21, -z = -2*f - 4*z + 40. List the prime factors of f.
17
Let j(t) = 14*t - 5. Let g be j(4). Let p = g - 20. What are the prime factors of p?
31
Suppose 0 = 5*u - 0*u - 20. Let t = 4 - u. Suppose t*n - 12 = -n. What are the prime factors of n?
2, 3
List the prime factors of (4/6)/(16/4392).
3, 61
Let w(z) = 0*z**3 + 2*z**2 + z**2 + z**3 - 6 - 5*z. Let t be w(-4). Let j = t + 6. What are the prime factors of j?
2
Suppose 9*k - a = 4*k + 26, -5*k + 2*a = -22. Let x = -4 + k. List the prime factors of x.
2
Suppose 5*n - 5 = 5. Suppose 3*o = -0*k - n*k + 11, -k - 3*o = -10. Suppose -5 = -z + k. What are the prime factors of z?
2, 3
Let v(o) be the second derivative of o**3/6 - 9*o**2 + 2*o. Let t(h) = -3*h + 63. Let a(w) = 5*t(w) + 18*v(w). What are the prime factors of a(8)?
3, 5
Suppose 2*a + a - 12 = 0. Let g be 45/(-6)*(-4)/3. Suppose 3*i = g - 4, 0 = 5*w + a*i - 48. List the prime factors of w.
2
Let u = 17 + -14. List the prime factors of u.
3
Let b(w) = w**3 - w**2 + 3*w - 5. What are the prime factors of b(3)?
2, 11
Let n = 100 + -43. Let h = -41 + n. List the prime factors of h.
2
Let w = 48 + 16. List the prime factors of w.
2
Let l(n) = n**2 + 5*n - 3. Let m be l(-6). Suppose m = -k, 6 - 24 = -3*b + k. List the prime factors of b.
5
Suppose 8*h - 3 = 5*h. Let l = h + 14. List the prime factors of l.
3, 5
Let d(g) = -4*g**3 + 5*g**2 + 3*g + 4. List the prime factors of d(-3).
2, 37
Suppose -3*u = 12 - 33. Suppose 8 = 4*n + 2*l, -2*l = -3*n + u + 6. Suppose 4*s - 3*h + 3 + 1 = 0, n*h = s + 10. List the prime factors of s.
2
Let w = -106 - -156. Let d = 70 - w. Suppose 0 = 8*c - 4*c - d. What are the prime factors of c?
5
Suppose 0 = -3*d - 3, 2*h - 2*d = -3*d + 27. Let i = -12 + h. List the prime factors of i.
2
Suppose 0 = -4*v + 4*n + 40, 5*n + 4 = -4*v - 1. Suppose v*k = 3*f - 29 + 9, -2*f = -k - 25. What are the prime factors of f?
3, 5
Let q be (7 + -3)/((-4)/34). What are the prime factors of ((-9)/(-6) + -2)*q?
17
Let p = 127 - 55. What are the prime factors of p?
2, 3
Let k(c) = -c**2 + 5*c + 5. Let a be k(5). Suppose 0 = -2*v + 5 + a. Suppose 0 = v*q + 4*d - 70, 0 = 4*d. List the prime factors of q.
2, 7
Let g = 22 + -23. List the prime factors of g/2 + (-715)/(-26).
3
Suppose 0 = -u + 5*u - 188. What are the prime factors of u?
47
Let f(l) = 3*l**2 - l - 3. What are the prime factors of f(3)?
3, 7
Let j = 8 - -8. List the prime factors of j.
2
Let a = -7 + 7. Suppose -2*s + 55 - 13 = a. What are the prime factors of s?
3, 7
Let v = -2 - -5. Suppose 5*d + 17 = v*q, q = 3*q + 4*d - 26. List the prime factors of q.
3
Let x(j) = j**3 - 1. Let z(b) = 3*b**3 - 7*b**2 + 10*b + 7. Let s(c) = 4*x(c) - z(c). What are the prime factors of s(-8)?
5
Suppose -u - 90 = -q + u, -5*q = -5*u - 435. List the prime factors of q.
2, 3, 7
Let n(j) = -59*j**3 - 2*j**2 - 3*j - 2. What are the prime factors of n(-1)?
2, 29
Let f = 0 - -1. Let c be ((2 - 32)/(-3))/f. Suppose -6*n + n = 5*w - 10, -5*n + c = -4*w. What are the prime factors of n?
2
Let h(i) = 2*i**2 - 5*i + 3. Let y be (-6 + 12)*4/6. What are the prime factors of h(y)?
3, 5
Suppose -11 = 3*t + n - 3*n, n = -5. Suppose -8 = 3*a - 5*a. Let c = a - t. List the prime factors of c.
11
Let p be (0 - 22 - -3)*1. Let x = -15 - p. What are the prime factors of x?
2
Suppose -5*n = -4*c + c + 110, -2*n + 138 = 4*c. List the prime factors of c.
5, 7
Let j(u) = 7*u**2 - 15*u - 17. Let d(m) = m**2 - m - 1. Let z(w) = 6*d(w) - j(w). List the prime factors of z(9).
11
Let j = 91 + -61. List the prime factors of j.
2, 3, 5
Suppose -b + 4 = -j, -4*b - j + 8 = -3. Let t = b - -38. What are the prime factors of t?
41
Suppose 0 = 3*p - 3*d + 5*d - 37, 5*p + 3*d = 63. Let f(g) = -4*g - 7. Let t be f(-7). Suppose -5*u - t = 2*i - 71, p = -3*i. What are the prime factors of u?
2, 3
Let n(q) = 4*q + 3. Let a(v) = 8*v + 7. Let u(p) = -15*p - 13. Let k(z) = -7*a(z) - 3*u(z). Let x(i) = -3*k(i) - 8*n(i). What are the prime factors of x(-4)?
2
Suppose 4*r - 6 - 2 = 0. Suppose 5*t = 25, t - 15 = -3*f + r*f. List the prime factors of f.
2, 5
What are the prime factors of (44/(-6))/(3/(-18))?
2, 11
Let l = -46 - -129. List the prime factors of l.
83
Let l(w) = w - 1. Let p(o) = 2*o - 3. Let u(s) = 7*l(s) - 3*p(s). Let n be u(4). Suppose -v + 2 = -n. What are the prime factors of v?
2
Suppose -4*i + 716 = 2*q, -q - 4*q = 0. List the prime factors of i.
179
Suppose -460 = -0*d - 5*d - 5*y, -y = -5*d + 430. List the prime factors of d.
3, 29
Suppose z + 1 = -1. What are the prime factors of (-4)/z + 57/3?
3, 7
Let n be (-25)/10*(-5 - 1). Suppose 0 = -4*d - 5*o + 27, -4*d - 3*o + n = -2*d. Suppose -5*y + 39 = -d*k, -y - 4 = -4*k - 5. List the prime factors of y.
3
Let p(g) = -5*g**2 - 2*g - 1. Let j(i) = 11*i**2 + 4*i + 2. Let d(s) = 6*j(s) + 13*p(s). What are the prime factors of d(-5)?
2, 17
Let w(v) = v**3 + 6*v**2 - 7*v + 7. What are the prime factors of w(-7)?
7
Suppose -2*w + 13 + 77 = 0. What are the prime factors of w?
3, 5
What are the prime factors of 108 - (32/(-2))/(-4)?
2, 13
Let s(m) be the third derivative of m**6/120 - m**5/60 + m**4/24 - m**2. Let r = 3 + -1. List the prime factors of s(r).
2, 3
Let p(l) = -l**3 + 7*l**2 - 3*l - 4. Let s be (1/(-3))/((-1)/18). What are the prime factors of p(s)?
2, 7
Let n = 108 - 96. List the prime factors of n.
2, 3
Suppose 0 = 2*w - 6, -3*x + 5*x = -w + 33. Suppose 0*s - 3*i = -s + x, -5*s - 4*i - 1 = 0. List the prime factors of s.
3
Suppose -5*b = -20, 4*b - 2*b = -a 